{"id":74,"date":"2019-03-23T21:05:56","date_gmt":"2019-03-23T21:05:56","guid":{"rendered":"https:\/\/diode.afcarl.de\/?page_id=74"},"modified":"2019-11-09T14:42:27","modified_gmt":"2019-11-09T12:42:27","slug":"uber","status":"publish","type":"page","link":"https:\/\/kassel-ebb.eu\/?page_id=74&lang=de","title":{"rendered":"\u00dcber"},"content":{"rendered":"\n<p>Jahrzehntelang brachte das vereinte Europa seinen Bewohnern Frieden und Wohlstand. Aber heute steht die Europ\u00e4ische Union vor enormen Herausforderungen: Arbeitslosigkeit, Klimawandel, Migration, Digitalisierung, Populismus und vieles mehr. <\/p>\n\n\n\n<p>Um sich diesen Herausforderungen zu stellen und weiterhin Frieden und Wohlstand zu sichern, braucht Europa eine verst\u00e4rkte Integration und Solidarit\u00e4t seiner Mitgliedsstaaten untereinander. Wir B\u00fcrgerinnen und B\u00fcrger m\u00fcssen zusammenfinden, um die Einheit Europas zu bewahren und weiter zu gestalten. Daf\u00fcr muss Europa viel mehr als bisher von \u201eunten\u201c wachsen. Wir wollen ein Europa der B\u00fcrgerinnen und B\u00fcrger. <\/p>\n\n\n\n<hr class=\"wp-block-separator\"\/>\n\n\n\n<p>\n\u201eLeute treffen Leute\u201c &#8211; das ist unsere Idee von der Europ\u00e4ischen\nB\u00fcrgerbegegnung (EBB). Wir sind \u00fcberzeugt: Wenn wir EU-B\u00fcrgerinnen und -B\u00fcrger\nuns besser kennenlernen, dann entsteht Vertrauen und Bereitschaft zur\nSolidarit\u00e4t.\n<\/p>\n\n\n\n<p>Deshalb wollen wir uns in Kassel kennenlernen, pers\u00f6nlich begegnen und miteinander ins Gespr\u00e4ch kommen: Zum Beispiel durch gemeinsames inhaltliches Arbeiten an gesellschaftlich relevanten europ\u00e4ischen Themen. Europa soll f\u00fcr jeden und jede begeisternd erfahrbar werden. <\/p>\n\n\n\n<hr class=\"wp-block-separator\"\/>\n\n\n\n<p>Die Europ\u00e4ische B\u00fcrgerbegegnung (EBB) findet alle zwei Jahre in Kassel statt. Sie schafft einen stabilen Begegnungsrahmen f\u00fcr einen kontinuierlichen Austausch von Europ\u00e4ern und Europ\u00e4erinnen. Daraus erw\u00e4chst eine dauerhafte Vernetzung, auch auf pers\u00f6nlicher Ebene. So \u00fcberwinden wir geographische und ideologische Distanzen, auch gegen\u00fcber der EU. Wir erleben, dass nationale und europ\u00e4ische Identit\u00e4t zusammen gehen. Es entsteht Einheit in Vielfalt und europ\u00e4ischer F\u00f6deralismus auf B\u00fcrgerebene. <\/p>\n\n\n\n<div class=\"wp-block-image\"><figure class=\"alignleft is-resized\"><img decoding=\"async\" src=\"https:\/\/kassel-ebb.eu\/wp-content\/uploads\/2019\/10\/IMG_1391-1024x683.jpg\" alt=\"\" class=\"wp-image-496\" width=\"212\" height=\"140\" srcset=\"https:\/\/kassel-ebb.eu\/wp-content\/uploads\/2019\/10\/IMG_1391-1024x683.jpg 1024w, https:\/\/kassel-ebb.eu\/wp-content\/uploads\/2019\/10\/IMG_1391-300x200.jpg 300w, https:\/\/kassel-ebb.eu\/wp-content\/uploads\/2019\/10\/IMG_1391-768x512.jpg 768w, https:\/\/kassel-ebb.eu\/wp-content\/uploads\/2019\/10\/IMG_1391-1600x1067.jpg 1600w\" sizes=\"(max-width: 212px) 100vw, 212px\" \/><\/figure><\/div>\n\n\n\n<p>Die Europ\u00e4ische B\u00fcrgerbegegnung gelingt nur, wenn wir die jahrzehntelangen europ\u00e4ischen Erfahrungen der verschiedenen Akteure der Stadt- und Landkreisb\u00fcrgerschaft einbeziehen. Dies gilt insbesondere f\u00fcr die St\u00e4dtepartnerschaften, die deutsch-europ\u00e4ischen Gesellschaften und die Europ\u00e4erinnen und Europ\u00e4er aus anderen EU-L\u00e4ndern, die bei uns wohnen. Sie sind integrativer Bestandteil unseres Vorhabens. Alle, die unsere Werte eines friedlichen, freien und solidarischen Europas teilen und leben, sind uns als Kooperationspartner*innen und Teilnehmer*innen herzlich willkommen.<\/p>\n\n\n\n<p>Wir freuen uns \u00fcber Ihre Nachricht: <\/p>\n\n\n\n<div class=\"wpcf7 no-js\" id=\"wpcf7-f552-o1\" lang=\"en-US\" dir=\"ltr\" data-wpcf7-id=\"552\">\n<div class=\"screen-reader-response\"><p role=\"status\" aria-live=\"polite\" aria-atomic=\"true\"><\/p> <ul><\/ul><\/div>\n<form action=\"\/index.php?rest_route=%2Fwp%2Fv2%2Fpages%2F74#wpcf7-f552-o1\" method=\"post\" class=\"wpcf7-form init\" aria-label=\"Contact form\" novalidate=\"novalidate\" data-status=\"init\">\n<fieldset class=\"hidden-fields-container\"><input type=\"hidden\" name=\"_wpcf7\" value=\"552\" \/><input type=\"hidden\" name=\"_wpcf7_version\" value=\"6.1.4\" \/><input type=\"hidden\" name=\"_wpcf7_locale\" value=\"en_US\" \/><input type=\"hidden\" name=\"_wpcf7_unit_tag\" value=\"wpcf7-f552-o1\" \/><input type=\"hidden\" name=\"_wpcf7_container_post\" value=\"0\" \/><input type=\"hidden\" name=\"_wpcf7_posted_data_hash\" value=\"\" \/><input type=\"hidden\" name=\"_wpcf7_recaptcha_response\" value=\"\" \/>\n<\/fieldset>\n<p><label> Ihr Name (Pflichtfeld)<br \/>\n<span class=\"wpcf7-form-control-wrap\" data-name=\"your-name\"><input size=\"40\" maxlength=\"400\" class=\"wpcf7-form-control wpcf7-text wpcf7-validates-as-required\" aria-required=\"true\" aria-invalid=\"false\" value=\"\" type=\"text\" name=\"your-name\" \/><\/span> <\/label>\n<\/p>\n<p><label> Ihre Mail-Adresse (Pflichtfeld)<br \/>\n<span class=\"wpcf7-form-control-wrap\" data-name=\"your-email\"><input size=\"40\" maxlength=\"400\" class=\"wpcf7-form-control wpcf7-email wpcf7-validates-as-required wpcf7-text wpcf7-validates-as-email\" aria-required=\"true\" aria-invalid=\"false\" value=\"\" type=\"email\" name=\"your-email\" \/><\/span> <\/label>\n<\/p>\n<p><label> Betreff<br \/>\n<span class=\"wpcf7-form-control-wrap\" data-name=\"your-subject\"><input size=\"40\" maxlength=\"400\" class=\"wpcf7-form-control wpcf7-text\" aria-invalid=\"false\" value=\"\" type=\"text\" name=\"your-subject\" \/><\/span> <\/label>\n<\/p>\n<p><label> Ihre Nachricht<br \/>\n<span class=\"wpcf7-form-control-wrap\" data-name=\"your-message\"><textarea cols=\"40\" rows=\"10\" maxlength=\"2000\" class=\"wpcf7-form-control wpcf7-textarea\" aria-invalid=\"false\" name=\"your-message\"><\/textarea><\/span> <\/label>\n<\/p>\n<p><span class=\"wpcf7-form-control-wrap\" data-name=\"EinwilligungindieDatenschutzerklrung\"><span class=\"wpcf7-form-control wpcf7-acceptance\"><span class=\"wpcf7-list-item\"><label><input type=\"checkbox\" name=\"EinwilligungindieDatenschutzerklrung\" value=\"1\" aria-invalid=\"false\" \/><span class=\"wpcf7-list-item-label\">Bitte beachten Sie, dass bei der Kontaktaufnahme mit uns Ihre Daten gem\u00e4\u00df unserer <a target=\"_blank\"  href=\"https:\/\/kassel-ebb.eu\/?page_id=111&lang=de\">Datenschutzerkl\u00e4rung<\/a> verarbeitet werden. Best\u00e4tigen Sie Ihre Einwilligung durch das Setzen des H\u00e4kchens.<\/span><\/label><\/span><\/span><\/span>\n<\/p>\n<p><input class=\"wpcf7-form-control wpcf7-submit has-spinner\" type=\"submit\" value=\"Absenden\" \/>\n<\/p><div class=\"wpcf7-response-output\" aria-hidden=\"true\"><\/div>\n<\/form>\n<\/div>\n\n\n\n\n<p> <\/p>\n","protected":false},"excerpt":{"rendered":"<p>Jahrzehntelang brachte das vereinte Europa seinen Bewohnern Frieden und Wohlstand. Aber heute steht die Europ\u00e4ische Union vor enormen Herausforderungen: Arbeitslosigkeit,&hellip;<\/p>\n","protected":false},"author":1,"featured_media":0,"parent":0,"menu_order":0,"comment_status":"closed","ping_status":"closed","template":"","meta":{"_mc_calendar":[],"footnotes":""},"class_list":["post-74","page","type-page","status-publish","hentry"],"_links":{"self":[{"href":"https:\/\/kassel-ebb.eu\/index.php?rest_route=\/wp\/v2\/pages\/74","targetHints":{"allow":["GET"]}}],"collection":[{"href":"https:\/\/kassel-ebb.eu\/index.php?rest_route=\/wp\/v2\/pages"}],"about":[{"href":"https:\/\/kassel-ebb.eu\/index.php?rest_route=\/wp\/v2\/types\/page"}],"author":[{"embeddable":true,"href":"https:\/\/kassel-ebb.eu\/index.php?rest_route=\/wp\/v2\/users\/1"}],"replies":[{"embeddable":true,"href":"https:\/\/kassel-ebb.eu\/index.php?rest_route=%2Fwp%2Fv2%2Fcomments&post=74"}],"version-history":[{"count":10,"href":"https:\/\/kassel-ebb.eu\/index.php?rest_route=\/wp\/v2\/pages\/74\/revisions"}],"predecessor-version":[{"id":554,"href":"https:\/\/kassel-ebb.eu\/index.php?rest_route=\/wp\/v2\/pages\/74\/revisions\/554"}],"wp:attachment":[{"href":"https:\/\/kassel-ebb.eu\/index.php?rest_route=%2Fwp%2Fv2%2Fmedia&parent=74"}],"curies":[{"name":"wp","href":"https:\/\/api.w.org\/{rel}","templated":true}]}}