{"id":561,"date":"2019-11-09T15:38:00","date_gmt":"2019-11-09T13:38:00","guid":{"rendered":"https:\/\/kassel-ebb.eu\/?page_id=561"},"modified":"2026-02-24T21:00:17","modified_gmt":"2026-02-24T19:00:17","slug":"anmeldung","status":"publish","type":"page","link":"https:\/\/kassel-ebb.eu\/?page_id=561&lang=de","title":{"rendered":"Anmeldung"},"content":{"rendered":"\n<p><a href=\"https:\/\/lets-meet.org\/reg\/b60d80868f3b310d78\">Klicke hier, um zur Anmeldung zu kommen!<\/a><\/p>\n\n\n\n<p>Die <strong>Anmeldung<\/strong> zur EBB 2026 vom 10.09-13.09.2026 ist <strong>freigeschaltet<\/strong>! Wir k\u00f6nnen es kaum noch erwarten, dich in Kassel begr\u00fc\u00dfen zu k\u00f6nnen! Let&#8217;s unite in diversity!<\/p>\n\n\n\n<p>Wir sind ein gemeinn\u00fctziger Verein. Wenn Du an der EBB teilnimmst, freuen wir uns \u00fcber Deine Spende. Sie erm\u00f6glicht es, z. B. die gemeinsamen Abendessen zu finanzieren. Vielen Dank f\u00fcr deine Unterst\u00fctzung!<\/p>\n\n\n\n<p>F\u00fcr Zusch\u00fcsse f\u00fcr Reisekosten und weitere Fragen, wende dich gerne an <a href=\"mailto:office@kassel-ebb.eu\">office@kassel-ebb.eu<\/a>.<\/p>\n\n\n\n<div data-wp-interactive=\"core\/file\" class=\"wp-block-file\"><object data-wp-bind--hidden=\"!state.hasPdfPreview\" hidden class=\"wp-block-file__embed\" data=\"https:\/\/kassel-ebb.eu\/wp-content\/uploads\/2026\/02\/Ablaufplan-EBB-2026_de.pdf\" type=\"application\/pdf\" style=\"width:100%;height:600px\" aria-label=\"Embed of Ablaufplan EBB 2026.\"><\/object><a id=\"wp-block-file--media-768d867a-77f1-42a8-951f-60b80ebad702\" href=\"https:\/\/kassel-ebb.eu\/wp-content\/uploads\/2026\/02\/Ablaufplan-EBB-2026_de.pdf\">Ablaufplan EBB 2026<\/a><a href=\"https:\/\/kassel-ebb.eu\/wp-content\/uploads\/2026\/02\/Ablaufplan-EBB-2026_de.pdf\" class=\"wp-block-file__button wp-element-button\" download aria-describedby=\"wp-block-file--media-768d867a-77f1-42a8-951f-60b80ebad702\">Download<\/a><\/div>\n\n\n\n<p><\/p>\n","protected":false},"excerpt":{"rendered":"<p>Klicke hier, um zur Anmeldung zu kommen! Die Anmeldung zur EBB 2026 vom 10.09-13.09.2026 ist freigeschaltet! Wir k\u00f6nnen es kaum&hellip;<\/p>\n","protected":false},"author":3,"featured_media":0,"parent":0,"menu_order":0,"comment_status":"closed","ping_status":"closed","template":"","meta":{"_mc_calendar":[],"footnotes":""},"class_list":["post-561","page","type-page","status-publish","hentry"],"_links":{"self":[{"href":"https:\/\/kassel-ebb.eu\/index.php?rest_route=\/wp\/v2\/pages\/561","targetHints":{"allow":["GET"]}}],"collection":[{"href":"https:\/\/kassel-ebb.eu\/index.php?rest_route=\/wp\/v2\/pages"}],"about":[{"href":"https:\/\/kassel-ebb.eu\/index.php?rest_route=\/wp\/v2\/types\/page"}],"author":[{"embeddable":true,"href":"https:\/\/kassel-ebb.eu\/index.php?rest_route=\/wp\/v2\/users\/3"}],"replies":[{"embeddable":true,"href":"https:\/\/kassel-ebb.eu\/index.php?rest_route=%2Fwp%2Fv2%2Fcomments&post=561"}],"version-history":[{"count":38,"href":"https:\/\/kassel-ebb.eu\/index.php?rest_route=\/wp\/v2\/pages\/561\/revisions"}],"predecessor-version":[{"id":5494,"href":"https:\/\/kassel-ebb.eu\/index.php?rest_route=\/wp\/v2\/pages\/561\/revisions\/5494"}],"wp:attachment":[{"href":"https:\/\/kassel-ebb.eu\/index.php?rest_route=%2Fwp%2Fv2%2Fmedia&parent=561"}],"curies":[{"name":"wp","href":"https:\/\/api.w.org\/{rel}","templated":true}]}}