{"id":5602,"date":"2026-04-12T17:11:04","date_gmt":"2026-04-12T15:11:04","guid":{"rendered":"https:\/\/kassel-ebb.eu\/?page_id=5602"},"modified":"2026-04-12T17:11:17","modified_gmt":"2026-04-12T15:11:17","slug":"gendergerechtigkeit-zwischen-wunsch-und-wirklichkeit","status":"publish","type":"page","link":"https:\/\/kassel-ebb.eu\/?page_id=5602&lang=de","title":{"rendered":"Gendergerechtigkeit zwischen Wunsch und Wirklichkeit"},"content":{"rendered":"\n<p>\u201eGendergerechtigkeit zwischen Wunsch und Wirklichkeit\u2013 Handlungsfelder und Aufgabe f\u00fcr ein MEHR Lebensqualit\u00e4t, Sicherheit und Teilhabe von Frauen und M\u00e4dchen?\u201c<\/p>\n\n\n\n<p>2006 hat der CEMR die &#8220;Europ\u00e4ische Charta f\u00fcr die Gleichstellung von Frauen und M\u00e4nnern auf lokaler Ebene&#8221; ins Leben gerufen. Sie gilt heute als wichtiges und wirksames Instrument in zahlreichen europ\u00e4ischen Kommunen, um die Gleichstellung von Frauen und M\u00e4nnern vor Ort zu f\u00f6rdern. Mittlerweile ist die Charta von mehr als 2.000 Kommunen in 36 europ\u00e4ischen L\u00e4ndern unterzeichnet worden, darunter \u00fcber 60 deutsche Kommunen.<\/p>\n\n\n\n<p>Gemeinsam mit unseren Partnerst\u00e4dten wir einen \u201eeurop\u00e4ischen\u201c Blick darauf werfen, wie es heute vor Ort um zentrale Frage der Gleichstellung und Teilhabe bestellt ist \u2013 in Zeiten in den frauen- und demokratiefeindliche Tendenzen europaweit st\u00e4rker werden, in Zeiten, in denen antifeministische Stimmen lauter werden und die Gewalt an Frauen &#8211; physisch, psychisch und im digitalen Raum \u2013 st\u00e4ndig neue Formen und Dimensionen annimmt. Wie gestalten sich Lebenswirklichkeiten von Frauen heute konkret zwischen Wunsch und Wirklichkeit:<\/p>\n\n\n\n<p>Wo stehen wir, welche Strategie und Ma\u00dfnahmen versprechen Erfolge, wo m\u00fcssen wir vielleicht neue Wege gehen und wo m\u00fcssen wir noch st\u00e4rker gemeinsam k\u00e4mpfen?<\/p>\n\n\n\n<p>Diesen Fragen gehen wir im Erfahrungsaustausch nach. Wir kommen mit Praktikerinnen aus Beratungs- Hilfe- und Unterst\u00fctzungsstrukturen ins Gespr\u00e4ch und nat\u00fcrlich mit Expertinnen in eigener Sache, Frauen mit und ohne Einwanderungsgeschichte, mit und ohne Behinderung, als Alleinerziehende, als pflegende Angeh\u00f6rige, als J\u00fcngere oder \u00c4ltere, als Queere \u2026.<\/p>\n","protected":false},"excerpt":{"rendered":"<p>\u201eGendergerechtigkeit zwischen Wunsch und Wirklichkeit\u2013 Handlungsfelder und Aufgabe f\u00fcr ein MEHR Lebensqualit\u00e4t, Sicherheit und Teilhabe von Frauen und M\u00e4dchen?\u201c 2006&hellip;<\/p>\n","protected":false},"author":2,"featured_media":0,"parent":0,"menu_order":0,"comment_status":"closed","ping_status":"closed","template":"","meta":{"_mc_calendar":[],"footnotes":""},"class_list":["post-5602","page","type-page","status-publish","hentry"],"_links":{"self":[{"href":"https:\/\/kassel-ebb.eu\/index.php?rest_route=\/wp\/v2\/pages\/5602","targetHints":{"allow":["GET"]}}],"collection":[{"href":"https:\/\/kassel-ebb.eu\/index.php?rest_route=\/wp\/v2\/pages"}],"about":[{"href":"https:\/\/kassel-ebb.eu\/index.php?rest_route=\/wp\/v2\/types\/page"}],"author":[{"embeddable":true,"href":"https:\/\/kassel-ebb.eu\/index.php?rest_route=\/wp\/v2\/users\/2"}],"replies":[{"embeddable":true,"href":"https:\/\/kassel-ebb.eu\/index.php?rest_route=%2Fwp%2Fv2%2Fcomments&post=5602"}],"version-history":[{"count":1,"href":"https:\/\/kassel-ebb.eu\/index.php?rest_route=\/wp\/v2\/pages\/5602\/revisions"}],"predecessor-version":[{"id":5603,"href":"https:\/\/kassel-ebb.eu\/index.php?rest_route=\/wp\/v2\/pages\/5602\/revisions\/5603"}],"wp:attachment":[{"href":"https:\/\/kassel-ebb.eu\/index.php?rest_route=%2Fwp%2Fv2%2Fmedia&parent=5602"}],"curies":[{"name":"wp","href":"https:\/\/api.w.org\/{rel}","templated":true}]}}