{"id":321,"date":"2019-10-11T11:14:39","date_gmt":"2019-10-11T09:14:39","guid":{"rendered":"https:\/\/kassel-ebb.eu\/?page_id=321"},"modified":"2026-03-08T14:37:02","modified_gmt":"2026-03-08T12:37:02","slug":"gastfamilie-werden","status":"publish","type":"page","link":"https:\/\/kassel-ebb.eu\/?page_id=321&lang=de","title":{"rendered":"Gastfamilie werden"},"content":{"rendered":"\n<h2 class=\"wp-block-heading\">Nimm eine Europ\u00e4erin oder einen Europ\u00e4er bei dir auf!<\/h2>\n\n\n\n<p><a href=\"https:\/\/lets-meet.org\/reg\/a8dbf4f96aefbc2e77\">Klicke hier zur Anmeldung!<\/a><\/p>\n\n\n\n<p>Du bist an Europa interessiert und die Idee der EBB hat Dich  angesprochen? Du bist gern mit Menschen aus anderen L\u00e4ndern zusammen, tauscht Dich gern mit ihnen aus und hast die M\u00f6glichkeit, ihnen Tisch und Bett f\u00fcr ihren Aufenthalt zur Verf\u00fcgung zu stellen? <\/p>\n\n\n\n<p><strong>Dann f\u00fchl dich eingeladen Gastgeberin oder Gastgeber bei der EBB zu werden!<\/strong><\/p>\n\n\n\n<p><a href=\"https:\/\/lets-meet.org\/reg\/a8dbf4f96aefbc2e77\" data-type=\"URL\" data-id=\"https:\/\/lets-meet.org\/reg\/5324a02a12a11e82cd\"><strong>Interesse? Dann klicke hier und f\u00fclle bitte das Formular aus<\/strong>.<strong>Wir freuen uns auf Dich und Deine Gastfreundschaft! <\/strong><\/a><\/p>\n\n\n\n<p>F\u00fcr unsere Teilnehmer suchen wir Unterbringungsm\u00f6glichkeiten bei netten Personen oder Familien. Die Teilnehmenden reisen am Do. 10.09.2026 an und verlassen Kassel am So. 13.09.2026.<\/p>\n\n\n\n<p>Wenn Du also Interesse daran hast, f\u00fcr 3 N\u00e4chte eine\/-n (oder vielleicht  auch zwei) europ\u00e4ische\/-n B\u00fcrger\/-in zu beherbergen und ihm\/ihr\/ihnen  morgens ein Fr\u00fchst\u00fcck zu bereiten, dann w\u00fcrden wir uns dar\u00fcber freuen,  wenn Du Dich als Gastgeber\/-familie bei uns melden w\u00fcrdest. F\u00fcr weitere Verpflegung wird im Rahmen der EBB gesorgt werden ebenso  wie f\u00fcr selbst\u00e4ndige Transportm\u00f6glichkeiten.<\/p>\n\n\n\n<p>Die Begegnung kann dein Leben bereichern, weil Du Menschen kennen lernen wirst und dich mit ihnen \u00fcber ihre Ansichten, Kultur und Lebenserfahrung austauschen kannst. Vielleicht schlie\u00dft Du auch eine europ\u00e4ische Freundschaft.  <\/p>\n\n\n\n<p>Die Sprache sollte dabei kein Problem sein, da die meisten  Europ\u00e4er\/-innen Englisch sprechen. Vielleicht beherrschst du aber auch eine Fremdsprache, die Du mal wieder \u00fcben m\u00f6chtest? Dann lass es uns wissen, so dass wir einen entsprechenden Gast bei dir unterbringen k\u00f6nnen. Gern bist Du eingeladen, an der gesamten EBB kostenlos teilzunehmen. Zu den Er\u00f6ffnungsfeierlichkeiten, den Workshops sowie dem kulturellen Rahmenprogramm mit Tanz, Musik und gutem Essen bist Du ebenso wie dein Gast herzlich willkommen.  Dabei kannst Du noch weiteren europ\u00e4ische B\u00fcrgerinnen und B\u00fcrger begegnen und diese kennenlernen.<\/p>\n\n\n\n<p>Einen Einblick in das, was Dich m\u00f6glicherweise erwartet, erh\u00e4ltst Du, wenn Du Dir die Videos der <a href=\"https:\/\/kassel-ebb.eu\/?page_id=266&amp;lang=de\">ersten EBB<\/a> auf unserer Homepage anschaust!<\/p>\n","protected":false},"excerpt":{"rendered":"<p>Nimm eine Europ\u00e4erin oder einen Europ\u00e4er bei dir auf! Klicke hier zur Anmeldung! Du bist an Europa interessiert und die&hellip;<\/p>\n","protected":false},"author":2,"featured_media":0,"parent":0,"menu_order":0,"comment_status":"closed","ping_status":"closed","template":"","meta":{"_mc_calendar":[],"footnotes":""},"class_list":["post-321","page","type-page","status-publish","hentry"],"_links":{"self":[{"href":"https:\/\/kassel-ebb.eu\/index.php?rest_route=\/wp\/v2\/pages\/321","targetHints":{"allow":["GET"]}}],"collection":[{"href":"https:\/\/kassel-ebb.eu\/index.php?rest_route=\/wp\/v2\/pages"}],"about":[{"href":"https:\/\/kassel-ebb.eu\/index.php?rest_route=\/wp\/v2\/types\/page"}],"author":[{"embeddable":true,"href":"https:\/\/kassel-ebb.eu\/index.php?rest_route=\/wp\/v2\/users\/2"}],"replies":[{"embeddable":true,"href":"https:\/\/kassel-ebb.eu\/index.php?rest_route=%2Fwp%2Fv2%2Fcomments&post=321"}],"version-history":[{"count":22,"href":"https:\/\/kassel-ebb.eu\/index.php?rest_route=\/wp\/v2\/pages\/321\/revisions"}],"predecessor-version":[{"id":5561,"href":"https:\/\/kassel-ebb.eu\/index.php?rest_route=\/wp\/v2\/pages\/321\/revisions\/5561"}],"wp:attachment":[{"href":"https:\/\/kassel-ebb.eu\/index.php?rest_route=%2Fwp%2Fv2%2Fmedia&parent=321"}],"curies":[{"name":"wp","href":"https:\/\/api.w.org\/{rel}","templated":true}]}}