{"id":74,"date":"2019-03-23T21:06:20","date_gmt":"2019-03-23T19:06:20","guid":{"rendered":"https:\/\/diode.afcarl.de\/?page_id=74"},"modified":"2026-04-25T23:08:21","modified_gmt":"2026-04-25T21:08:21","slug":"uber","status":"publish","type":"page","link":"https:\/\/kassel-ebb.eu\/de\/uber\/","title":{"rendered":"\u00dcber"},"content":{"rendered":"\n<div class=\"wp-block-group alignfull has-accent-2-color has-text-color has-link-color wp-elements-fae5eb132cd6ec0f5f167561d78e2f09 has-global-padding is-layout-constrained wp-block-group-is-layout-constrained\" style=\"padding-bottom:0\">\n<div class=\"wp-block-group alignfull has-accent-1-background-color has-background has-global-padding is-layout-constrained wp-block-group-is-layout-constrained\" style=\"padding-top:var(--wp--preset--spacing--40);padding-bottom:0\">\n<div class=\"wp-block-columns alignwide is-layout-flex wp-container-core-columns-is-layout-28f84493 wp-block-columns-is-layout-flex\">\n<div class=\"wp-block-column is-vertically-aligned-center is-layout-flow wp-block-column-is-layout-flow\" style=\"flex-basis:40%\">\n<h1 class=\"wp-block-heading has-text-align-left has-accent-3-color has-text-color has-link-color wp-elements-e31daf30ae6f92b4895ff860d0fb3759\" style=\"font-size:clamp(35.641px, 2.228rem + ((1vw - 3.2px) * 2.878), 65px);\">\u00dcber uns<\/h1>\n<\/div>\n\n\n\n<div class=\"wp-block-column is-vertically-aligned-bottom is-layout-flow wp-block-column-is-layout-flow\" style=\"flex-basis:60%\">\n<figure class=\"wp-block-image size-full titleImgSubPage\"><img loading=\"lazy\" decoding=\"async\" width=\"698\" height=\"590\" src=\"https:\/\/kassel-ebb.eu\/wp-content\/uploads\/2026\/04\/about.png\" alt=\"\" class=\"wp-image-6261\" style=\"object-fit:cover\" srcset=\"https:\/\/kassel-ebb.eu\/wp-content\/uploads\/2026\/04\/about.png 698w, https:\/\/kassel-ebb.eu\/wp-content\/uploads\/2026\/04\/about-300x254.png 300w\" sizes=\"auto, (max-width: 698px) 100vw, 698px\" \/><\/figure>\n<\/div>\n<\/div>\n<\/div>\n<\/div>\n\n\n\n<div style=\"height:59px\" aria-hidden=\"true\" class=\"wp-block-spacer\"><\/div>\n\n\n\n<div class=\"wp-block-group alignwide has-global-padding is-layout-constrained wp-block-group-is-layout-constrained\">\n<div class=\"wp-block-columns alignwide is-layout-flex wp-container-core-columns-is-layout-28f84493 wp-block-columns-is-layout-flex\">\n<div class=\"wp-block-column is-layout-flow wp-block-column-is-layout-flow\">\n<p>Jahrzehntelang brachte das vereinte Europa seinen Bewohnern Frieden und Wohlstand. Aber heute steht die Europ\u00e4ische Union vor enormen Herausforderungen: Arbeitslosigkeit, Klimawandel, Migration, Digitalisierung, Populismus und vieles mehr. <\/p>\n<\/div>\n\n\n\n<div class=\"wp-block-column is-layout-flow wp-block-column-is-layout-flow\">\n<p>Um sich diesen Herausforderungen zu stellen und weiterhin Frieden und Wohlstand zu sichern, braucht Europa eine verst\u00e4rkte Integration und Solidarit\u00e4t seiner Mitgliedsstaaten untereinander. Wir B\u00fcrgerinnen und B\u00fcrger m\u00fcssen zusammenfinden, um die Einheit Europas zu bewahren und weiter zu gestalten. Daf\u00fcr muss Europa viel mehr als bisher von \u201eunten\u201c wachsen. Wir wollen ein Europa der B\u00fcrgerinnen und B\u00fcrger. <\/p>\n<\/div>\n<\/div>\n<\/div>\n\n\n\n<div style=\"height:40px\" aria-hidden=\"true\" class=\"wp-block-spacer\"><\/div>\n\n\n\n<hr class=\"wp-block-separator has-text-color has-accent-4-color has-alpha-channel-opacity has-accent-4-background-color has-background hight6\"\/>\n\n\n\n<div style=\"height:80px\" aria-hidden=\"true\" class=\"wp-block-spacer\"><\/div>\n\n\n\n<div class=\"wp-block-columns alignwide is-layout-flex wp-container-core-columns-is-layout-28f84493 wp-block-columns-is-layout-flex\">\n<div class=\"wp-block-column is-layout-flow wp-block-column-is-layout-flow\">\n<p>\n\u201eLeute treffen Leute\u201c &#8211; das ist unsere Idee von der Europ\u00e4ischen\nB\u00fcrgerbegegnung (EBB). Wir sind \u00fcberzeugt: Wenn wir EU-B\u00fcrgerinnen und -B\u00fcrger\nuns besser kennenlernen, dann entsteht Vertrauen und Bereitschaft zur\nSolidarit\u00e4t.\n<\/p>\n<\/div>\n\n\n\n<div class=\"wp-block-column is-layout-flow wp-block-column-is-layout-flow\">\n<p>Deshalb wollen wir uns in Kassel kennenlernen, pers\u00f6nlich begegnen und miteinander ins Gespr\u00e4ch kommen: Zum Beispiel durch gemeinsames inhaltliches Arbeiten an gesellschaftlich relevanten europ\u00e4ischen Themen. Europa soll f\u00fcr jeden und jede begeisternd erfahrbar werden. <\/p>\n<\/div>\n<\/div>\n\n\n\n<div style=\"height:41px\" aria-hidden=\"true\" class=\"wp-block-spacer\"><\/div>\n\n\n\n<hr class=\"wp-block-separator has-text-color has-accent-1-color has-alpha-channel-opacity has-accent-1-background-color has-background hight6\"\/>\n\n\n\n<div style=\"height:80px\" aria-hidden=\"true\" class=\"wp-block-spacer\"><\/div>\n\n\n\n<div class=\"wp-block-columns alignwide is-layout-flex wp-container-core-columns-is-layout-28f84493 wp-block-columns-is-layout-flex\">\n<div class=\"wp-block-column is-vertically-aligned-top is-layout-flow wp-block-column-is-layout-flow\" style=\"flex-basis:25%\">\n<figure data-wp-context=\"{&quot;imageId&quot;:&quot;69f5096fbbd80&quot;}\" data-wp-interactive=\"core\/image\" data-wp-key=\"69f5096fbbd80\" class=\"wp-block-image size-full wp-lightbox-container\"><img loading=\"lazy\" decoding=\"async\" width=\"1700\" height=\"567\" data-wp-class--hide=\"state.isContentHidden\" data-wp-class--show=\"state.isContentVisible\" data-wp-init=\"callbacks.setButtonStyles\" data-wp-on--click=\"actions.showLightbox\" data-wp-on--load=\"callbacks.setButtonStyles\" data-wp-on-window--resize=\"callbacks.setButtonStyles\" src=\"https:\/\/kassel-ebb.eu\/wp-content\/uploads\/2026\/04\/csm_KasselgrusstMulhouse_98d34bc7ae.jpg\" alt=\"\" class=\"wp-image-6307\" style=\"aspect-ratio:4\/3;object-fit:cover\" srcset=\"https:\/\/kassel-ebb.eu\/wp-content\/uploads\/2026\/04\/csm_KasselgrusstMulhouse_98d34bc7ae.jpg 1700w, https:\/\/kassel-ebb.eu\/wp-content\/uploads\/2026\/04\/csm_KasselgrusstMulhouse_98d34bc7ae-300x100.jpg 300w, https:\/\/kassel-ebb.eu\/wp-content\/uploads\/2026\/04\/csm_KasselgrusstMulhouse_98d34bc7ae-1024x342.jpg 1024w, https:\/\/kassel-ebb.eu\/wp-content\/uploads\/2026\/04\/csm_KasselgrusstMulhouse_98d34bc7ae-768x256.jpg 768w, https:\/\/kassel-ebb.eu\/wp-content\/uploads\/2026\/04\/csm_KasselgrusstMulhouse_98d34bc7ae-1536x512.jpg 1536w, https:\/\/kassel-ebb.eu\/wp-content\/uploads\/2026\/04\/csm_KasselgrusstMulhouse_98d34bc7ae-1320x440.jpg 1320w\" sizes=\"auto, (max-width: 1700px) 100vw, 1700px\" \/><button\n\t\t\tclass=\"lightbox-trigger\"\n\t\t\ttype=\"button\"\n\t\t\taria-haspopup=\"dialog\"\n\t\t\taria-label=\"Vergr\u00f6\u00dfern\"\n\t\t\tdata-wp-init=\"callbacks.initTriggerButton\"\n\t\t\tdata-wp-on--click=\"actions.showLightbox\"\n\t\t\tdata-wp-style--right=\"state.imageButtonRight\"\n\t\t\tdata-wp-style--top=\"state.imageButtonTop\"\n\t\t>\n\t\t\t<svg xmlns=\"http:\/\/www.w3.org\/2000\/svg\" width=\"12\" height=\"12\" fill=\"none\" viewBox=\"0 0 12 12\">\n\t\t\t\t<path fill=\"#fff\" d=\"M2 0a2 2 0 0 0-2 2v2h1.5V2a.5.5 0 0 1 .5-.5h2V0H2Zm2 10.5H2a.5.5 0 0 1-.5-.5V8H0v2a2 2 0 0 0 2 2h2v-1.5ZM8 12v-1.5h2a.5.5 0 0 0 .5-.5V8H12v2a2 2 0 0 1-2 2H8Zm2-12a2 2 0 0 1 2 2v2h-1.5V2a.5.5 0 0 0-.5-.5H8V0h2Z\" \/>\n\t\t\t<\/svg>\n\t\t<\/button><\/figure>\n<\/div>\n\n\n\n<div class=\"wp-block-column is-vertically-aligned-center is-layout-flow wp-block-column-is-layout-flow\" style=\"flex-basis:75%\">\n<p>Die Europ\u00e4ische B\u00fcrgerbegegnung (EBB) findet alle zwei Jahre in Kassel statt. Sie schafft einen stabilen Begegnungsrahmen f\u00fcr einen kontinuierlichen Austausch von Europ\u00e4ern und Europ\u00e4erinnen. Daraus erw\u00e4chst eine dauerhafte Vernetzung, auch auf pers\u00f6nlicher Ebene. So \u00fcberwinden wir geographische und ideologische Distanzen, auch gegen\u00fcber der EU. Wir erleben, dass nationale und europ\u00e4ische Identit\u00e4t zusammen gehen. Es entsteht Einheit in Vielfalt und europ\u00e4ischer F\u00f6deralismus auf B\u00fcrgerebene. <\/p>\n<\/div>\n<\/div>\n\n\n\n<div style=\"height:40px\" aria-hidden=\"true\" class=\"wp-block-spacer\"><\/div>\n\n\n\n<hr class=\"wp-block-separator has-text-color has-accent-2-color has-alpha-channel-opacity has-accent-2-background-color has-background hight6\"\/>\n\n\n\n<div style=\"height:80px\" aria-hidden=\"true\" class=\"wp-block-spacer\"><\/div>\n\n\n\n<p>Die Europ\u00e4ische B\u00fcrgerbegegnung gelingt nur, wenn wir die jahrzehntelangen europ\u00e4ischen Erfahrungen der verschiedenen Akteure der Stadt- und Landkreisb\u00fcrgerschaft einbeziehen. Dies gilt insbesondere f\u00fcr die St\u00e4dtepartnerschaften, die deutsch-europ\u00e4ischen Gesellschaften und die Europ\u00e4erinnen und Europ\u00e4er aus anderen EU-L\u00e4ndern, die bei uns wohnen. Sie sind integrativer Bestandteil unseres Vorhabens. Alle, die unsere Werte eines friedlichen, freien und solidarischen Europas teilen und leben, sind uns als Kooperationspartner*innen und Teilnehmer*innen herzlich willkommen.<\/p>\n\n\n\n<div style=\"height:40px\" aria-hidden=\"true\" class=\"wp-block-spacer\"><\/div>\n\n\n\n<figure class=\"wp-block-image aligncenter size-medium is-resized wp-duotone-cae21a-cae21a-1\"><img loading=\"lazy\" decoding=\"async\" width=\"204\" height=\"300\" src=\"https:\/\/kassel-ebb.eu\/wp-content\/uploads\/2026\/04\/sterne-sw-204x300.png\" alt=\"\" class=\"wp-image-6287\" style=\"width:auto;height:200px\" srcset=\"https:\/\/kassel-ebb.eu\/wp-content\/uploads\/2026\/04\/sterne-sw-204x300.png 204w, https:\/\/kassel-ebb.eu\/wp-content\/uploads\/2026\/04\/sterne-sw.png 345w\" sizes=\"auto, (max-width: 204px) 100vw, 204px\" \/><\/figure>\n\n\n\n<div class=\"wp-block-group is-content-justification-center is-nowrap is-layout-flex wp-container-core-group-is-layout-de7a01c6 wp-block-group-is-layout-flex\" style=\"margin-bottom:var(--wp--preset--spacing--50)\">\n<div class=\"wp-block-buttons is-layout-flex wp-block-buttons-is-layout-flex\" style=\"padding-top:var(--wp--preset--spacing--60);padding-bottom:var(--wp--preset--spacing--70)\">\n<div class=\"wp-block-button\"><a class=\"wp-block-button__link has-base-color has-accent-4-background-color has-text-color has-background has-link-color wp-element-button\" href=\"https:\/\/kassel-ebb.eu\/de\/anmeldung\/\" style=\"font-style:normal;font-weight:600\">Anmelden<\/a><\/div>\n\n\n\n<div class=\"wp-block-button\"><a class=\"wp-block-button__link has-base-color has-accent-4-background-color has-text-color has-background has-link-color wp-element-button\" href=\"https:\/\/kassel-ebb.eu\/de\/mitmachen\/\" style=\"font-style:normal;font-weight:600\">Mitmachen<\/a><\/div>\n\n\n\n<div class=\"wp-block-button\"><a class=\"wp-block-button__link has-base-color has-accent-4-background-color has-text-color has-background has-link-color wp-element-button\" href=\"https:\/\/kassel-ebb.eu\/de\/kontakt\/\" style=\"font-style:normal;font-weight:600\">Kontakt<\/a><\/div>\n<\/div>\n<\/div>\n","protected":false},"excerpt":{"rendered":"<p>\u00dcber uns Jahrzehntelang brachte das vereinte Europa seinen Bewohnern Frieden und Wohlstand. Aber heute steht die Europ\u00e4ische Union vor enormen Herausforderungen: Arbeitslosigkeit, Klimawandel, Migration, Digitalisierung, Populismus und vieles mehr. Um sich diesen Herausforderungen zu stellen und weiterhin Frieden und Wohlstand zu sichern, braucht Europa eine verst\u00e4rkte Integration und Solidarit\u00e4t seiner Mitgliedsstaaten untereinander. Wir B\u00fcrgerinnen und [&hellip;]<\/p>\n","protected":false},"author":1,"featured_media":0,"parent":0,"menu_order":0,"comment_status":"closed","ping_status":"closed","template":"page-no-title","meta":{"_mc_calendar":[],"footnotes":""},"class_list":["post-74","page","type-page","status-publish","hentry"],"_links":{"self":[{"href":"https:\/\/kassel-ebb.eu\/de\/wp-json\/wp\/v2\/pages\/74","targetHints":{"allow":["GET"]}}],"collection":[{"href":"https:\/\/kassel-ebb.eu\/de\/wp-json\/wp\/v2\/pages"}],"about":[{"href":"https:\/\/kassel-ebb.eu\/de\/wp-json\/wp\/v2\/types\/page"}],"author":[{"embeddable":true,"href":"https:\/\/kassel-ebb.eu\/de\/wp-json\/wp\/v2\/users\/1"}],"replies":[{"embeddable":true,"href":"https:\/\/kassel-ebb.eu\/de\/wp-json\/wp\/v2\/comments?post=74"}],"version-history":[{"count":0,"href":"https:\/\/kassel-ebb.eu\/de\/wp-json\/wp\/v2\/pages\/74\/revisions"}],"wp:attachment":[{"href":"https:\/\/kassel-ebb.eu\/de\/wp-json\/wp\/v2\/media?parent=74"}],"curies":[{"name":"wp","href":"https:\/\/api.w.org\/{rel}","templated":true}]}}

Über

<div class="wp-block-group alignfull has-accent-2-color has-text-color has-link-color wp-elements-fae5eb132cd6ec0f5f167561d78e2f09 has-global-padding is-layout-constrained wp-block-group-is-layout-constrained" style="padding-bottom:0">
<div class="wp-block-group alignfull has-accent-1-background-color has-background has-global-padding is-layout-constrained wp-block-group-is-layout-constrained" style="padding-top:var(--wp--preset--spacing--40);padding-bottom:0">
<div class="wp-block-columns alignwide is-layout-flex wp-container-core-columns-is-layout-28f84493 wp-block-columns-is-layout-flex">
<div class="wp-block-column is-vertically-aligned-center is-layout-flow wp-block-column-is-layout-flow" style="flex-basis:40%">
<h1 class="wp-block-heading has-text-align-left has-accent-3-color has-text-color has-link-color wp-elements-e31daf30ae6f92b4895ff860d0fb3759" style="font-size:clamp(35.641px, 2.228rem + ((1vw - 3.2px) * 2.878), 65px);">Über uns</h1>
</div>



<div class="wp-block-column is-vertically-aligned-bottom is-layout-flow wp-block-column-is-layout-flow" style="flex-basis:60%">
<figure class="wp-block-image size-full titleImgSubPage"><img loading="lazy" decoding="async" width="698" height="590" src="https://kassel-ebb.eu/wp-content/uploads/2026/04/about.png" alt="" class="wp-image-6261" style="object-fit:cover" srcset="https://kassel-ebb.eu/wp-content/uploads/2026/04/about.png 698w, https://kassel-ebb.eu/wp-content/uploads/2026/04/about-300x254.png 300w" sizes="auto, (max-width: 698px) 100vw, 698px" /></figure>
</div>
</div>
</div>
</div>



<div style="height:59px" aria-hidden="true" class="wp-block-spacer"></div>



<div class="wp-block-group alignwide has-global-padding is-layout-constrained wp-block-group-is-layout-constrained">
<div class="wp-block-columns alignwide is-layout-flex wp-container-core-columns-is-layout-28f84493 wp-block-columns-is-layout-flex">
<div class="wp-block-column is-layout-flow wp-block-column-is-layout-flow">
<p>Jahrzehntelang brachte das vereinte Europa seinen Bewohnern Frieden und Wohlstand. Aber heute steht die Europäische Union vor enormen Herausforderungen: Arbeitslosigkeit, Klimawandel, Migration, Digitalisierung, Populismus und vieles mehr. </p>
</div>



<div class="wp-block-column is-layout-flow wp-block-column-is-layout-flow">
<p>Um sich diesen Herausforderungen zu stellen und weiterhin Frieden und Wohlstand zu sichern, braucht Europa eine verstärkte Integration und Solidarität seiner Mitgliedsstaaten untereinander. Wir Bürgerinnen und Bürger müssen zusammenfinden, um die Einheit Europas zu bewahren und weiter zu gestalten. Dafür muss Europa viel mehr als bisher von „unten“ wachsen. Wir wollen ein Europa der Bürgerinnen und Bürger. </p>
</div>
</div>
</div>



<div style="height:40px" aria-hidden="true" class="wp-block-spacer"></div>



<hr class="wp-block-separator has-text-color has-accent-4-color has-alpha-channel-opacity has-accent-4-background-color has-background hight6"/>



<div style="height:80px" aria-hidden="true" class="wp-block-spacer"></div>



<div class="wp-block-columns alignwide is-layout-flex wp-container-core-columns-is-layout-28f84493 wp-block-columns-is-layout-flex">
<div class="wp-block-column is-layout-flow wp-block-column-is-layout-flow">
<p>
„Leute treffen Leute“ &#8211; das ist unsere Idee von der Europäischen
Bürgerbegegnung (EBB). Wir sind überzeugt: Wenn wir EU-Bürgerinnen und -Bürger
uns besser kennenlernen, dann entsteht Vertrauen und Bereitschaft zur
Solidarität.
</p>
</div>



<div class="wp-block-column is-layout-flow wp-block-column-is-layout-flow">
<p>Deshalb wollen wir uns in Kassel kennenlernen, persönlich begegnen und miteinander ins Gespräch kommen: Zum Beispiel durch gemeinsames inhaltliches Arbeiten an gesellschaftlich relevanten europäischen Themen. Europa soll für jeden und jede begeisternd erfahrbar werden. </p>
</div>
</div>



<div style="height:41px" aria-hidden="true" class="wp-block-spacer"></div>



<hr class="wp-block-separator has-text-color has-accent-1-color has-alpha-channel-opacity has-accent-1-background-color has-background hight6"/>



<div style="height:80px" aria-hidden="true" class="wp-block-spacer"></div>



<div class="wp-block-columns alignwide is-layout-flex wp-container-core-columns-is-layout-28f84493 wp-block-columns-is-layout-flex">
<div class="wp-block-column is-vertically-aligned-top is-layout-flow wp-block-column-is-layout-flow" style="flex-basis:25%">
<figure data-wp-context="{&quot;imageId&quot;:&quot;69f5096fbbd80&quot;}" data-wp-interactive="core/image" data-wp-key="69f5096fbbd80" class="wp-block-image size-full wp-lightbox-container"><img loading="lazy" decoding="async" width="1700" height="567" data-wp-class--hide="state.isContentHidden" data-wp-class--show="state.isContentVisible" data-wp-init="callbacks.setButtonStyles" data-wp-on--click="actions.showLightbox" data-wp-on--load="callbacks.setButtonStyles" data-wp-on-window--resize="callbacks.setButtonStyles" src="https://kassel-ebb.eu/wp-content/uploads/2026/04/csm_KasselgrusstMulhouse_98d34bc7ae.jpg" alt="" class="wp-image-6307" style="aspect-ratio:4/3;object-fit:cover" srcset="https://kassel-ebb.eu/wp-content/uploads/2026/04/csm_KasselgrusstMulhouse_98d34bc7ae.jpg 1700w, https://kassel-ebb.eu/wp-content/uploads/2026/04/csm_KasselgrusstMulhouse_98d34bc7ae-300x100.jpg 300w, https://kassel-ebb.eu/wp-content/uploads/2026/04/csm_KasselgrusstMulhouse_98d34bc7ae-1024x342.jpg 1024w, https://kassel-ebb.eu/wp-content/uploads/2026/04/csm_KasselgrusstMulhouse_98d34bc7ae-768x256.jpg 768w, https://kassel-ebb.eu/wp-content/uploads/2026/04/csm_KasselgrusstMulhouse_98d34bc7ae-1536x512.jpg 1536w, https://kassel-ebb.eu/wp-content/uploads/2026/04/csm_KasselgrusstMulhouse_98d34bc7ae-1320x440.jpg 1320w" sizes="auto, (max-width: 1700px) 100vw, 1700px" /><button
			class="lightbox-trigger"
			type="button"
			aria-haspopup="dialog"
			aria-label="Vergrößern"
			data-wp-init="callbacks.initTriggerButton"
			data-wp-on--click="actions.showLightbox"
			data-wp-style--right="state.imageButtonRight"
			data-wp-style--top="state.imageButtonTop"
		>
			<svg xmlns="http://www.w3.org/2000/svg" width="12" height="12" fill="none" viewBox="0 0 12 12">
				<path fill="#fff" d="M2 0a2 2 0 0 0-2 2v2h1.5V2a.5.5 0 0 1 .5-.5h2V0H2Zm2 10.5H2a.5.5 0 0 1-.5-.5V8H0v2a2 2 0 0 0 2 2h2v-1.5ZM8 12v-1.5h2a.5.5 0 0 0 .5-.5V8H12v2a2 2 0 0 1-2 2H8Zm2-12a2 2 0 0 1 2 2v2h-1.5V2a.5.5 0 0 0-.5-.5H8V0h2Z" />
			</svg>
		</button></figure>
</div>



<div class="wp-block-column is-vertically-aligned-center is-layout-flow wp-block-column-is-layout-flow" style="flex-basis:75%">
<p>Die Europäische Bürgerbegegnung (EBB) findet alle zwei Jahre in Kassel statt. Sie schafft einen stabilen Begegnungsrahmen für einen kontinuierlichen Austausch von Europäern und Europäerinnen. Daraus erwächst eine dauerhafte Vernetzung, auch auf persönlicher Ebene. So überwinden wir geographische und ideologische Distanzen, auch gegenüber der EU. Wir erleben, dass nationale und europäische Identität zusammen gehen. Es entsteht Einheit in Vielfalt und europäischer Föderalismus auf Bürgerebene. </p>
</div>
</div>



<div style="height:40px" aria-hidden="true" class="wp-block-spacer"></div>



<hr class="wp-block-separator has-text-color has-accent-2-color has-alpha-channel-opacity has-accent-2-background-color has-background hight6"/>



<div style="height:80px" aria-hidden="true" class="wp-block-spacer"></div>



<p>Die Europäische Bürgerbegegnung gelingt nur, wenn wir die jahrzehntelangen europäischen Erfahrungen der verschiedenen Akteure der Stadt- und Landkreisbürgerschaft einbeziehen. Dies gilt insbesondere für die Städtepartnerschaften, die deutsch-europäischen Gesellschaften und die Europäerinnen und Europäer aus anderen EU-Ländern, die bei uns wohnen. Sie sind integrativer Bestandteil unseres Vorhabens. Alle, die unsere Werte eines friedlichen, freien und solidarischen Europas teilen und leben, sind uns als Kooperationspartner*innen und Teilnehmer*innen herzlich willkommen.</p>



<div style="height:40px" aria-hidden="true" class="wp-block-spacer"></div>



<figure class="wp-block-image aligncenter size-medium is-resized wp-duotone-cae21a-cae21a-1"><img loading="lazy" decoding="async" width="204" height="300" src="https://kassel-ebb.eu/wp-content/uploads/2026/04/sterne-sw-204x300.png" alt="" class="wp-image-6287" style="width:auto;height:200px" srcset="https://kassel-ebb.eu/wp-content/uploads/2026/04/sterne-sw-204x300.png 204w, https://kassel-ebb.eu/wp-content/uploads/2026/04/sterne-sw.png 345w" sizes="auto, (max-width: 204px) 100vw, 204px" /></figure>



<div class="wp-block-group is-content-justification-center is-nowrap is-layout-flex wp-container-core-group-is-layout-de7a01c6 wp-block-group-is-layout-flex" style="margin-bottom:var(--wp--preset--spacing--50)">
<div class="wp-block-buttons is-layout-flex wp-block-buttons-is-layout-flex" style="padding-top:var(--wp--preset--spacing--60);padding-bottom:var(--wp--preset--spacing--70)">
<div class="wp-block-button"><a class="wp-block-button__link has-base-color has-accent-4-background-color has-text-color has-background has-link-color wp-element-button" href="https://kassel-ebb.eu/de/anmeldung/" style="font-style:normal;font-weight:600">Anmelden</a></div>



<div class="wp-block-button"><a class="wp-block-button__link has-base-color has-accent-4-background-color has-text-color has-background has-link-color wp-element-button" href="https://kassel-ebb.eu/de/mitmachen/" style="font-style:normal;font-weight:600">Mitmachen</a></div>



<div class="wp-block-button"><a class="wp-block-button__link has-base-color has-accent-4-background-color has-text-color has-background has-link-color wp-element-button" href="https://kassel-ebb.eu/de/kontakt/" style="font-style:normal;font-weight:600">Kontakt</a></div>
</div>
</div>

<p>Über uns Jahrzehntelang brachte das vereinte Europa seinen Bewohnern Frieden und Wohlstand. Aber heute steht die Europäische Union vor enormen Herausforderungen: Arbeitslosigkeit, Klimawandel, Migration, Digitalisierung, Populismus und vieles mehr. Um sich diesen Herausforderungen zu stellen und weiterhin Frieden und Wohlstand zu sichern, braucht Europa eine verstärkte Integration und Solidarität seiner Mitgliedsstaaten untereinander. Wir Bürgerinnen und [&hellip;]</p>
