{"id":422,"date":"2019-10-31T16:03:58","date_gmt":"2019-10-31T14:03:58","guid":{"rendered":"https:\/\/dev-eb2.abraxis-kassel.de\/?page_id=422"},"modified":"2026-04-25T21:21:58","modified_gmt":"2026-04-25T19:21:58","slug":"workshops","status":"publish","type":"page","link":"https:\/\/kassel-ebb.eu\/de\/workshops\/","title":{"rendered":"Workshops\/Aktivit\u00e4ten"},"content":{"rendered":"\n<div class=\"wp-block-group alignfull has-accent-2-color has-text-color has-link-color wp-elements-00d585b299572d57287dc60a92bcce6e has-global-padding is-layout-constrained wp-block-group-is-layout-constrained\" style=\"padding-bottom:0\">\n<div class=\"wp-block-group alignfull has-accent-1-background-color has-background has-global-padding is-layout-constrained wp-block-group-is-layout-constrained\" style=\"padding-top:var(--wp--preset--spacing--40);padding-bottom:0\">\n<div class=\"wp-block-columns alignwide is-layout-flex wp-container-core-columns-is-layout-28f84493 wp-block-columns-is-layout-flex\">\n<div class=\"wp-block-column is-vertically-aligned-center is-layout-flow wp-block-column-is-layout-flow\" style=\"flex-basis:40%\">\n<h1 class=\"wp-block-heading has-text-align-left has-accent-3-color has-text-color has-link-color wp-elements-3da7ad1805d104c92e6c8694a1f625ef\" style=\"font-size:clamp(35.641px, 2.228rem + ((1vw - 3.2px) * 2.878), 65px);\">Workshops\/ Aktivit\u00e4ten<\/h1>\n<\/div>\n\n\n\n<div class=\"wp-block-column is-vertically-aligned-bottom is-layout-flow wp-block-column-is-layout-flow\" style=\"flex-basis:60%\">\n<figure class=\"wp-block-image size-full titleImgSubPage\"><img loading=\"lazy\" decoding=\"async\" width=\"900\" height=\"631\" src=\"https:\/\/kassel-ebb.eu\/wp-content\/uploads\/2026\/04\/haende-mit-flaggen-web-opt.png\" alt=\"\" class=\"wp-image-5725\" style=\"object-fit:cover\" srcset=\"https:\/\/kassel-ebb.eu\/wp-content\/uploads\/2026\/04\/haende-mit-flaggen-web-opt.png 900w, https:\/\/kassel-ebb.eu\/wp-content\/uploads\/2026\/04\/haende-mit-flaggen-web-opt-300x210.png 300w, https:\/\/kassel-ebb.eu\/wp-content\/uploads\/2026\/04\/haende-mit-flaggen-web-opt-768x538.png 768w\" sizes=\"auto, (max-width: 900px) 100vw, 900px\" \/><\/figure>\n<\/div>\n<\/div>\n<\/div>\n<\/div>\n\n\n\n<div style=\"height:60px\" aria-hidden=\"true\" class=\"wp-block-spacer\"><\/div>\n\n\n\n<p>Die Anmeldung f\u00fcr die Workshops\/Aktivit\u00e4ten ist ab August 2026 m\u00f6glich. <a href=\"https:\/\/kassel-ebb.eu\/de\/anmeldung\/?lang=de\" data-type=\"page\" data-id=\"561\">Zur EBB kannst Du dich jetzt schon anmelden! <\/a><\/p>\n\n\n\n<p>Wir Europ\u00e4er:innen m\u00f6chten uns themenbezogen begegnen. Aus diesem Grund stehen die Workshops und Aktivit\u00e4ten im Mittelpunkt des EBB. Jeder Workshop zielt darauf ab, etwa 10\u201320 Teilnehmende aus mindestens zwei europ\u00e4ischen L\u00e4ndern zusammenzubringen und konzentriert sich auf ein bestimmtes Thema. Die Workshops finden am Freitag und Samstag statt.<\/p>\n\n\n\n<p>Die Workshops werden von einer Workshop-Leitung oder einem Leitungsteam angeboten, vorbereitet, organisiert und durchgef\u00fchrt. Meistens sind dies Ehrenamtliche, die ihre Leidenschaft mit uns teilen m\u00f6chten.<\/p>\n\n\n\n<p><strong>Liste der Workshops (Stand April 2026 \u2013 weitere Informationen und Workshops folgen!):<\/strong><\/p>\n\n\n\n<div class=\"wp-block-group is-layout-flow wp-block-group-is-layout-flow\">\n<ul class=\"wp-block-list\">\n<li>Bridging Differences &#8211; Women Shaping a United Europe<\/li>\n\n\n\n<li><a href=\"https:\/\/kassel-ebb.eu\/de\/gendergerechtigkeit-zwischen-wunsch-und-wirklichkeit\/?lang=de\" data-type=\"page\" data-id=\"5602\">Gendergerechtigkeit zwischen Wunsch und Wirklichkeit<\/a><\/li>\n\n\n\n<li>Esperanto in Europa<\/li>\n\n\n\n<li>Wenn Informationen t\u00e4uschen: Rechtliche Wege gegen digitale Desinformation<\/li>\n\n\n\n<li>Drawing Europe &#8211; Cartoon Workshop<\/li>\n\n\n\n<li>Europ\u00e4ische Sicherheit &#8211; Baltische Perspectiven<\/li>\n\n\n\n<li>Katastrophenhilfe f\u00fcr Zivilisten<\/li>\n\n\n\n<li><a href=\"https:\/\/kassel-ebb.eu\/de\/sterben-in-europa-der-tod-und-die-kunst\/?lang=de\" data-type=\"page\" data-id=\"5608\">Sterben in Europa &#8211; der Tod und die Kunst<\/a><\/li>\n<\/ul>\n<\/div>\n\n\n\n<p><a href=\"https:\/\/www.mediathek-hessen.de\/medienview_18976_Daniel-Hellwig-OK-Kassel-Europ%C3%A4ische-Begegnungswoche-2018--Workshops-zum-Geschichtsbewusstsein.html\" target=\"_blank\" rel=\"noreferrer noopener\">Beispielsweise der Workshop &#8222;Europ\u00e4isches Geschichtsbewusstsein&#8220; der EBB 2018, der hier im Video zu sehen ist.<\/a><\/p>\n\n\n\n<div style=\"height:60px\" aria-hidden=\"true\" class=\"wp-block-spacer\"><\/div>\n\n\n\n<p><\/p>\n","protected":false},"excerpt":{"rendered":"<p>Workshops\/ Aktivit\u00e4ten Die Anmeldung f\u00fcr die Workshops\/Aktivit\u00e4ten ist ab August 2026 m\u00f6glich. Zur EBB kannst Du dich jetzt schon anmelden! Wir Europ\u00e4er:innen m\u00f6chten uns themenbezogen begegnen. Aus diesem Grund stehen die Workshops und Aktivit\u00e4ten im Mittelpunkt des EBB. Jeder Workshop zielt darauf ab, etwa 10\u201320 Teilnehmende aus mindestens zwei europ\u00e4ischen L\u00e4ndern zusammenzubringen und konzentriert sich [&hellip;]<\/p>\n","protected":false},"author":2,"featured_media":0,"parent":0,"menu_order":0,"comment_status":"closed","ping_status":"closed","template":"page-no-title","meta":{"_mc_calendar":[],"footnotes":""},"class_list":["post-422","page","type-page","status-publish","hentry"],"_links":{"self":[{"href":"https:\/\/kassel-ebb.eu\/de\/wp-json\/wp\/v2\/pages\/422","targetHints":{"allow":["GET"]}}],"collection":[{"href":"https:\/\/kassel-ebb.eu\/de\/wp-json\/wp\/v2\/pages"}],"about":[{"href":"https:\/\/kassel-ebb.eu\/de\/wp-json\/wp\/v2\/types\/page"}],"author":[{"embeddable":true,"href":"https:\/\/kassel-ebb.eu\/de\/wp-json\/wp\/v2\/users\/2"}],"replies":[{"embeddable":true,"href":"https:\/\/kassel-ebb.eu\/de\/wp-json\/wp\/v2\/comments?post=422"}],"version-history":[{"count":0,"href":"https:\/\/kassel-ebb.eu\/de\/wp-json\/wp\/v2\/pages\/422\/revisions"}],"wp:attachment":[{"href":"https:\/\/kassel-ebb.eu\/de\/wp-json\/wp\/v2\/media?parent=422"}],"curies":[{"name":"wp","href":"https:\/\/api.w.org\/{rel}","templated":true}]}}

Workshops/Aktivitäten

<div class="wp-block-group alignfull has-accent-2-color has-text-color has-link-color wp-elements-00d585b299572d57287dc60a92bcce6e has-global-padding is-layout-constrained wp-block-group-is-layout-constrained" style="padding-bottom:0">
<div class="wp-block-group alignfull has-accent-1-background-color has-background has-global-padding is-layout-constrained wp-block-group-is-layout-constrained" style="padding-top:var(--wp--preset--spacing--40);padding-bottom:0">
<div class="wp-block-columns alignwide is-layout-flex wp-container-core-columns-is-layout-28f84493 wp-block-columns-is-layout-flex">
<div class="wp-block-column is-vertically-aligned-center is-layout-flow wp-block-column-is-layout-flow" style="flex-basis:40%">
<h1 class="wp-block-heading has-text-align-left has-accent-3-color has-text-color has-link-color wp-elements-3da7ad1805d104c92e6c8694a1f625ef" style="font-size:clamp(35.641px, 2.228rem + ((1vw - 3.2px) * 2.878), 65px);">Workshops/ Aktivitäten</h1>
</div>



<div class="wp-block-column is-vertically-aligned-bottom is-layout-flow wp-block-column-is-layout-flow" style="flex-basis:60%">
<figure class="wp-block-image size-full titleImgSubPage"><img loading="lazy" decoding="async" width="900" height="631" src="https://kassel-ebb.eu/wp-content/uploads/2026/04/haende-mit-flaggen-web-opt.png" alt="" class="wp-image-5725" style="object-fit:cover" srcset="https://kassel-ebb.eu/wp-content/uploads/2026/04/haende-mit-flaggen-web-opt.png 900w, https://kassel-ebb.eu/wp-content/uploads/2026/04/haende-mit-flaggen-web-opt-300x210.png 300w, https://kassel-ebb.eu/wp-content/uploads/2026/04/haende-mit-flaggen-web-opt-768x538.png 768w" sizes="auto, (max-width: 900px) 100vw, 900px" /></figure>
</div>
</div>
</div>
</div>



<div style="height:60px" aria-hidden="true" class="wp-block-spacer"></div>



<p>Die Anmeldung für die Workshops/Aktivitäten ist ab August 2026 möglich. <a href="https://kassel-ebb.eu/de/anmeldung/?lang=de" data-type="page" data-id="561">Zur EBB kannst Du dich jetzt schon anmelden! </a></p>



<p>Wir Europäer:innen möchten uns themenbezogen begegnen. Aus diesem Grund stehen die Workshops und Aktivitäten im Mittelpunkt des EBB. Jeder Workshop zielt darauf ab, etwa 10–20 Teilnehmende aus mindestens zwei europäischen Ländern zusammenzubringen und konzentriert sich auf ein bestimmtes Thema. Die Workshops finden am Freitag und Samstag statt.</p>



<p>Die Workshops werden von einer Workshop-Leitung oder einem Leitungsteam angeboten, vorbereitet, organisiert und durchgeführt. Meistens sind dies Ehrenamtliche, die ihre Leidenschaft mit uns teilen möchten.</p>



<p><strong>Liste der Workshops (Stand April 2026 – weitere Informationen und Workshops folgen!):</strong></p>



<div class="wp-block-group is-layout-flow wp-block-group-is-layout-flow">
<ul class="wp-block-list">
<li>Bridging Differences &#8211; Women Shaping a United Europe</li>



<li><a href="https://kassel-ebb.eu/de/gendergerechtigkeit-zwischen-wunsch-und-wirklichkeit/?lang=de" data-type="page" data-id="5602">Gendergerechtigkeit zwischen Wunsch und Wirklichkeit</a></li>



<li>Esperanto in Europa</li>



<li>Wenn Informationen täuschen: Rechtliche Wege gegen digitale Desinformation</li>



<li>Drawing Europe &#8211; Cartoon Workshop</li>



<li>Europäische Sicherheit &#8211; Baltische Perspectiven</li>



<li>Katastrophenhilfe für Zivilisten</li>



<li><a href="https://kassel-ebb.eu/de/sterben-in-europa-der-tod-und-die-kunst/?lang=de" data-type="page" data-id="5608">Sterben in Europa &#8211; der Tod und die Kunst</a></li>
</ul>
</div>



<p><a href="https://www.mediathek-hessen.de/medienview_18976_Daniel-Hellwig-OK-Kassel-Europ%C3%A4ische-Begegnungswoche-2018--Workshops-zum-Geschichtsbewusstsein.html" target="_blank" rel="noreferrer noopener">Beispielsweise der Workshop &#8222;Europäisches Geschichtsbewusstsein&#8220; der EBB 2018, der hier im Video zu sehen ist.</a></p>



<div style="height:60px" aria-hidden="true" class="wp-block-spacer"></div>



<p></p>

<p>Workshops/ Aktivitäten Die Anmeldung für die Workshops/Aktivitäten ist ab August 2026 möglich. Zur EBB kannst Du dich jetzt schon anmelden! Wir Europäer:innen möchten uns themenbezogen begegnen. Aus diesem Grund stehen die Workshops und Aktivitäten im Mittelpunkt des EBB. Jeder Workshop zielt darauf ab, etwa 10–20 Teilnehmende aus mindestens zwei europäischen Ländern zusammenzubringen und konzentriert sich [&hellip;]</p>
