{"id":321,"date":"2020-01-29T19:11:27","date_gmt":"2020-01-29T17:11:27","guid":{"rendered":"https:\/\/dev-eb2.abraxis-kassel.de\/?page_id=321"},"modified":"2026-04-30T17:41:55","modified_gmt":"2026-04-30T15:41:55","slug":"gastfamilie-werden","status":"publish","type":"page","link":"https:\/\/kassel-ebb.eu\/de\/gastfamilie-werden\/","title":{"rendered":"Gastfamilie werden"},"content":{"rendered":"\n<div class=\"wp-block-group alignfull has-accent-2-color has-text-color has-link-color wp-elements-a9b7f6137cb44a60181516f9e2a482bf has-global-padding is-layout-constrained wp-block-group-is-layout-constrained\" style=\"padding-bottom:0\">\n<div class=\"wp-block-group alignfull has-accent-1-background-color has-background has-global-padding is-layout-constrained wp-block-group-is-layout-constrained\" style=\"padding-top:var(--wp--preset--spacing--40);padding-bottom:0\">\n<div class=\"wp-block-columns alignwide is-layout-flex wp-container-core-columns-is-layout-28f84493 wp-block-columns-is-layout-flex\">\n<div class=\"wp-block-column is-vertically-aligned-center is-layout-flow wp-block-column-is-layout-flow\" style=\"padding-top:var(--wp--preset--spacing--70);padding-bottom:var(--wp--preset--spacing--70);flex-basis:40%\">\n<h1 class=\"wp-block-heading has-text-align-left has-accent-3-color has-text-color has-link-color wp-elements-f39468a034637ed9f2fee4ee6b676093\" style=\"font-size:clamp(35.641px, 2.228rem + ((1vw - 3.2px) * 2.878), 65px);\">Gastfamilie werden<\/h1>\n<\/div>\n\n\n\n<div class=\"wp-block-column is-vertically-aligned-bottom is-layout-flow wp-block-column-is-layout-flow\" style=\"flex-basis:60%\">\n<figure class=\"wp-block-image size-full titleImgSubPage\" style=\"margin-bottom:-10px\"><img loading=\"lazy\" decoding=\"async\" width=\"500\" height=\"460\" src=\"https:\/\/kassel-ebb.eu\/wp-content\/uploads\/2026\/04\/get-involved6.png\" alt=\"\" class=\"wp-image-6249\" style=\"object-fit:cover\" srcset=\"https:\/\/kassel-ebb.eu\/wp-content\/uploads\/2026\/04\/get-involved6.png 500w, https:\/\/kassel-ebb.eu\/wp-content\/uploads\/2026\/04\/get-involved6-300x276.png 300w\" sizes=\"auto, (max-width: 500px) 100vw, 500px\" \/><\/figure>\n<\/div>\n<\/div>\n<\/div>\n<\/div>\n\n\n\n<div style=\"height:60px\" aria-hidden=\"true\" class=\"wp-block-spacer\"><\/div>\n\n\n\n<h2 class=\"wp-block-heading\">Nimm eine Europ\u00e4erin oder einen Europ\u00e4er bei dir auf!<\/h2>\n\n\n\n<p>Du bist an Europa interessiert und die Idee der EBB hat dich angesprochen? Du bist gern mit Menschen aus anderen L\u00e4ndern zusammen, tauscht dich gern mit ihnen aus und hast die M\u00f6glichkeit, ihnen Tisch und Bett f\u00fcr ihren Aufenthalt zur Verf\u00fcgung zu stellen?<\/p>\n\n\n\n<p><strong>Dann f\u00fchl dich eingeladen Gastgeberin oder Gastgeber bei der EBB zu werden!<\/strong><\/p>\n\n\n\n<p><strong>Interesse? Dann klicke hier und f\u00fclle bitte das Formular aus<\/strong>. <strong>Wir freuen uns auf dich und deine Gastfreundschaft! <\/strong><\/p>\n\n\n\n<div class=\"wp-block-buttons is-content-justification-center is-layout-flex wp-container-core-buttons-is-layout-d234f690 wp-block-buttons-is-layout-flex\" style=\"margin-top:var(--wp--preset--spacing--50);margin-bottom:var(--wp--preset--spacing--50)\">\n<div class=\"wp-block-button\"><a class=\"wp-block-button__link wp-element-button\" href=\"https:\/\/lets-meet.org\/reg\/a8dbf4f96aefbc2e77\" target=\"_blank\" rel=\"noreferrer noopener\">Via LET&#8217;S MEET als Gastfamilie registrieren<\/a><\/div>\n<\/div>\n\n\n\n<hr class=\"wp-block-separator has-text-color has-accent-1-color has-alpha-channel-opacity has-accent-1-background-color has-background hight6 is-style-default\"\/>\n\n\n\n<div style=\"height:41px\" aria-hidden=\"true\" class=\"wp-block-spacer\"><\/div>\n\n\n\n<div class=\"wp-block-group alignfull has-global-padding is-layout-constrained wp-block-group-is-layout-constrained\">\n<div class=\"wp-block-columns alignwide is-layout-flex wp-container-core-columns-is-layout-28f84493 wp-block-columns-is-layout-flex\">\n<div class=\"wp-block-column is-layout-flow wp-block-column-is-layout-flow\">\n<p>F\u00fcr unsere Teilnehmer suchen wir Unterbringungsm\u00f6glichkeiten bei netten Personen oder Familien. Die Teilnehmenden reisen am Do. 10.09.2026 an und verlassen Kassel am So. 13.09.2026.<\/p>\n\n\n\n<p>Wenn du also Interesse daran hast, f\u00fcr 3 N\u00e4chte eine\/-n (oder vielleicht auch zwei) europ\u00e4ische\/-n B\u00fcrger\/-in zu beherbergen und ihm\/ihr\/ihnen morgens ein Fr\u00fchst\u00fcck zu bereiten, dann w\u00fcrden wir uns dar\u00fcber freuen, wenn du dich als Gastgeber\/-familie bei uns melden w\u00fcrdest. F\u00fcr weitere Verpflegung wird im Rahmen der EBB gesorgt werden ebenso wie f\u00fcr selbst\u00e4ndige Transportm\u00f6glichkeiten.<\/p>\n\n\n\n<p>Die Begegnung kann dein Leben bereichern, weil du Menschen kennen lernen wirst und dich mit ihnen \u00fcber ihre Ansichten, Kultur und Lebenserfahrung austauschen kannst. Vielleicht schlie\u00dft du auch eine europ\u00e4ische Freundschaft.<\/p>\n<\/div>\n\n\n\n<div class=\"wp-block-column is-layout-flow wp-block-column-is-layout-flow\">\n<p>Die Sprache sollte dabei kein Problem sein, da die meisten Europ\u00e4er\/-innen Englisch sprechen. Vielleicht beherrschst du aber auch eine Fremdsprache, die du mal wieder \u00fcben m\u00f6chtest? Dann lass es uns wissen, so dass wir einen entsprechenden Gast bei dir unterbringen k\u00f6nnen. Gern bist du eingeladen, an der gesamten EBB kostenlos teilzunehmen. Zu den Er\u00f6ffnungsfeierlichkeiten, den Workshops sowie dem kulturellen Rahmenprogramm mit Tanz, Musik und gutem Essen bist du ebenso wie dein Gast herzlich willkommen. Dabei kannst du noch weiteren europ\u00e4ische B\u00fcrgerinnen und B\u00fcrger begegnen und diese kennenlernen.<\/p>\n\n\n\n<p>Einen Einblick in das, was dich m\u00f6glicherweise erwartet, erh\u00e4ltst du, wenn du dir die Videos der <a href=\"https:\/\/kassel-ebb.eu\/de\/ebb-2018\/?lang=de\">ersten EBB<\/a> auf unserer Homepage anschaust!<\/p>\n<\/div>\n<\/div>\n<\/div>\n\n\n\n<div style=\"height:39px\" aria-hidden=\"true\" class=\"wp-block-spacer\"><\/div>\n\n\n\n<hr class=\"wp-block-separator has-text-color has-accent-1-color has-alpha-channel-opacity has-accent-1-background-color has-background hight6 is-style-default\"\/>\n\n\n\n<div class=\"wp-block-buttons is-content-justification-center is-layout-flex wp-container-core-buttons-is-layout-d234f690 wp-block-buttons-is-layout-flex\" style=\"margin-top:var(--wp--preset--spacing--50);margin-bottom:var(--wp--preset--spacing--50)\">\n<div class=\"wp-block-button\"><a class=\"wp-block-button__link wp-element-button\" href=\"https:\/\/lets-meet.org\/reg\/a8dbf4f96aefbc2e77\" target=\"_blank\" rel=\"noreferrer noopener\">Via LET&#8217;S MEET als Gastfamilie registrieren<\/a><\/div>\n<\/div>\n\n\n\n<div style=\"height:100px\" aria-hidden=\"true\" class=\"wp-block-spacer\"><\/div>\n","protected":false},"excerpt":{"rendered":"<p>Gastfamilie werden Nimm eine Europ\u00e4erin oder einen Europ\u00e4er bei dir auf! Du bist an Europa interessiert und die Idee der EBB hat dich angesprochen? Du bist gern mit Menschen aus anderen L\u00e4ndern zusammen, tauscht dich gern mit ihnen aus und hast die M\u00f6glichkeit, ihnen Tisch und Bett f\u00fcr ihren Aufenthalt zur Verf\u00fcgung zu stellen? Dann [&hellip;]<\/p>\n","protected":false},"author":2,"featured_media":0,"parent":0,"menu_order":0,"comment_status":"closed","ping_status":"closed","template":"page-no-title","meta":{"_mc_calendar":[],"footnotes":""},"class_list":["post-321","page","type-page","status-publish","hentry"],"_links":{"self":[{"href":"https:\/\/kassel-ebb.eu\/de\/wp-json\/wp\/v2\/pages\/321","targetHints":{"allow":["GET"]}}],"collection":[{"href":"https:\/\/kassel-ebb.eu\/de\/wp-json\/wp\/v2\/pages"}],"about":[{"href":"https:\/\/kassel-ebb.eu\/de\/wp-json\/wp\/v2\/types\/page"}],"author":[{"embeddable":true,"href":"https:\/\/kassel-ebb.eu\/de\/wp-json\/wp\/v2\/users\/2"}],"replies":[{"embeddable":true,"href":"https:\/\/kassel-ebb.eu\/de\/wp-json\/wp\/v2\/comments?post=321"}],"version-history":[{"count":0,"href":"https:\/\/kassel-ebb.eu\/de\/wp-json\/wp\/v2\/pages\/321\/revisions"}],"wp:attachment":[{"href":"https:\/\/kassel-ebb.eu\/de\/wp-json\/wp\/v2\/media?parent=321"}],"curies":[{"name":"wp","href":"https:\/\/api.w.org\/{rel}","templated":true}]}}

<div class="wp-block-group alignfull has-accent-2-color has-text-color has-link-color wp-elements-a9b7f6137cb44a60181516f9e2a482bf has-global-padding is-layout-constrained wp-block-group-is-layout-constrained" style="padding-bottom:0">
<div class="wp-block-group alignfull has-accent-1-background-color has-background has-global-padding is-layout-constrained wp-block-group-is-layout-constrained" style="padding-top:var(--wp--preset--spacing--40);padding-bottom:0">
<div class="wp-block-columns alignwide is-layout-flex wp-container-core-columns-is-layout-28f84493 wp-block-columns-is-layout-flex">
<div class="wp-block-column is-vertically-aligned-center is-layout-flow wp-block-column-is-layout-flow" style="padding-top:var(--wp--preset--spacing--70);padding-bottom:var(--wp--preset--spacing--70);flex-basis:40%">
<h1 class="wp-block-heading has-text-align-left has-accent-3-color has-text-color has-link-color wp-elements-f39468a034637ed9f2fee4ee6b676093" style="font-size:clamp(35.641px, 2.228rem + ((1vw - 3.2px) * 2.878), 65px);">Gastfamilie werden</h1>
</div>



<div class="wp-block-column is-vertically-aligned-bottom is-layout-flow wp-block-column-is-layout-flow" style="flex-basis:60%">
<figure class="wp-block-image size-full titleImgSubPage" style="margin-bottom:-10px"><img loading="lazy" decoding="async" width="500" height="460" src="https://kassel-ebb.eu/wp-content/uploads/2026/04/get-involved6.png" alt="" class="wp-image-6249" style="object-fit:cover" srcset="https://kassel-ebb.eu/wp-content/uploads/2026/04/get-involved6.png 500w, https://kassel-ebb.eu/wp-content/uploads/2026/04/get-involved6-300x276.png 300w" sizes="auto, (max-width: 500px) 100vw, 500px" /></figure>
</div>
</div>
</div>
</div>



<div style="height:60px" aria-hidden="true" class="wp-block-spacer"></div>



<h2 class="wp-block-heading">Nimm eine Europäerin oder einen Europäer bei dir auf!</h2>



<p>Du bist an Europa interessiert und die Idee der EBB hat dich angesprochen? Du bist gern mit Menschen aus anderen Ländern zusammen, tauscht dich gern mit ihnen aus und hast die Möglichkeit, ihnen Tisch und Bett für ihren Aufenthalt zur Verfügung zu stellen?</p>



<p><strong>Dann fühl dich eingeladen Gastgeberin oder Gastgeber bei der EBB zu werden!</strong></p>



<p><strong>Interesse? Dann klicke hier und fülle bitte das Formular aus</strong>. <strong>Wir freuen uns auf dich und deine Gastfreundschaft! </strong></p>



<div class="wp-block-buttons is-content-justification-center is-layout-flex wp-container-core-buttons-is-layout-d234f690 wp-block-buttons-is-layout-flex" style="margin-top:var(--wp--preset--spacing--50);margin-bottom:var(--wp--preset--spacing--50)">
<div class="wp-block-button"><a class="wp-block-button__link wp-element-button" href="https://lets-meet.org/reg/a8dbf4f96aefbc2e77" target="_blank" rel="noreferrer noopener">Via LET&#8217;S MEET als Gastfamilie registrieren</a></div>
</div>



<hr class="wp-block-separator has-text-color has-accent-1-color has-alpha-channel-opacity has-accent-1-background-color has-background hight6 is-style-default"/>



<div style="height:41px" aria-hidden="true" class="wp-block-spacer"></div>



<div class="wp-block-group alignfull has-global-padding is-layout-constrained wp-block-group-is-layout-constrained">
<div class="wp-block-columns alignwide is-layout-flex wp-container-core-columns-is-layout-28f84493 wp-block-columns-is-layout-flex">
<div class="wp-block-column is-layout-flow wp-block-column-is-layout-flow">
<p>Für unsere Teilnehmer suchen wir Unterbringungsmöglichkeiten bei netten Personen oder Familien. Die Teilnehmenden reisen am Do. 10.09.2026 an und verlassen Kassel am So. 13.09.2026.</p>



<p>Wenn du also Interesse daran hast, für 3 Nächte eine/-n (oder vielleicht auch zwei) europäische/-n Bürger/-in zu beherbergen und ihm/ihr/ihnen morgens ein Frühstück zu bereiten, dann würden wir uns darüber freuen, wenn du dich als Gastgeber/-familie bei uns melden würdest. Für weitere Verpflegung wird im Rahmen der EBB gesorgt werden ebenso wie für selbständige Transportmöglichkeiten.</p>



<p>Die Begegnung kann dein Leben bereichern, weil du Menschen kennen lernen wirst und dich mit ihnen über ihre Ansichten, Kultur und Lebenserfahrung austauschen kannst. Vielleicht schließt du auch eine europäische Freundschaft.</p>
</div>



<div class="wp-block-column is-layout-flow wp-block-column-is-layout-flow">
<p>Die Sprache sollte dabei kein Problem sein, da die meisten Europäer/-innen Englisch sprechen. Vielleicht beherrschst du aber auch eine Fremdsprache, die du mal wieder üben möchtest? Dann lass es uns wissen, so dass wir einen entsprechenden Gast bei dir unterbringen können. Gern bist du eingeladen, an der gesamten EBB kostenlos teilzunehmen. Zu den Eröffnungsfeierlichkeiten, den Workshops sowie dem kulturellen Rahmenprogramm mit Tanz, Musik und gutem Essen bist du ebenso wie dein Gast herzlich willkommen. Dabei kannst du noch weiteren europäische Bürgerinnen und Bürger begegnen und diese kennenlernen.</p>



<p>Einen Einblick in das, was dich möglicherweise erwartet, erhältst du, wenn du dir die Videos der <a href="https://kassel-ebb.eu/de/ebb-2018/?lang=de">ersten EBB</a> auf unserer Homepage anschaust!</p>
</div>
</div>
</div>



<div style="height:39px" aria-hidden="true" class="wp-block-spacer"></div>



<hr class="wp-block-separator has-text-color has-accent-1-color has-alpha-channel-opacity has-accent-1-background-color has-background hight6 is-style-default"/>



<div class="wp-block-buttons is-content-justification-center is-layout-flex wp-container-core-buttons-is-layout-d234f690 wp-block-buttons-is-layout-flex" style="margin-top:var(--wp--preset--spacing--50);margin-bottom:var(--wp--preset--spacing--50)">
<div class="wp-block-button"><a class="wp-block-button__link wp-element-button" href="https://lets-meet.org/reg/a8dbf4f96aefbc2e77" target="_blank" rel="noreferrer noopener">Via LET&#8217;S MEET als Gastfamilie registrieren</a></div>
</div>



<div style="height:100px" aria-hidden="true" class="wp-block-spacer"></div>

<p>Gastfamilie werden Nimm eine Europäerin oder einen Europäer bei dir auf! Du bist an Europa interessiert und die Idee der EBB hat dich angesprochen? Du bist gern mit Menschen aus anderen Ländern zusammen, tauscht dich gern mit ihnen aus und hast die Möglichkeit, ihnen Tisch und Bett für ihren Aufenthalt zur Verfügung zu stellen? Dann [&hellip;]</p>
